(d) = 246*d**3 + 33*d**2 - 12*d + 17. What is the hundreds digit of t(3)?
9
Let u(a) = 10*a**3 + 7*a**2 - 3*a - 21. Suppose 85 = 34*j - 85. What is the thousands digit of u(j)?
1
Let j = -114370 + 178212. What is the ten thousands digit of j?
6
Let f(i) = -4*i**2 + 318*i - 291. What is the hundreds digit of f(60)?
3
Let i = -36 + 32. Let b be (-3)/42*i + 2/(-7). Suppose -21*x + 27*x - 606 = b. What is the tens digit of x?
0
What is the tens digit of 2 + (-24)/15 + ((-355704)/(-40) - -1)?
9
Let h(d) = -d**2 + d - 1. Let y(s) = -267*s**2 - 6*s + 9. Let p(b) = -12*h(b) - y(b). What is the hundreds digit of p(1)?
2
Let t(l) = -l**2 + 2*l + 6. Let a be t(3). Suppose 7 = -5*j + 2, -a*j = 3*o + 102. What is the hundreds digit of 2/11 + (-3459)/o?
1
Suppose 5*i + 588 = -572. Let d = i - -366. What is the tens digit of d?
3
Suppose 4*w = 3*w + 5*r + 28, 4*w + 4*r = -8. Suppose -122 = -b - a + 1, b + w*a = 113. Let x = b + -66. What is the units digit of x?
2
Let z(n) = 145*n**2 + n. Let l be z(1). Let w = 1100 - 813. Let r = w - l. What is the hundreds digit of r?
1
Let i(g) = 156*g - 33. Let q be i(-7). What is the units digit of (48/10)/((-18)/q*5)?
0
Let x = -4 + 5. Let a be (-5 - -3)*x - (2 + -10). What is the tens digit of 1251/18 + a/(-4)?
6
Suppose 138*o - 146*o + 10624 = 0. What is the thousands digit of o?
1
Let g = -8763 + 15082. What is the tens digit of g?
1
Let u = 16 - 16. Suppose u*n - 8*n + 1584 = 0. Suppose 5*d + 17 = -3*z + n, 0 = -z - 5*d + 67. What is the tens digit of z?
5
Suppose -3*y + 2 = o, -5*o - 4*y = -0*y + 23. Let n(v) = 21*v**2 + 5*v - 17. What is the hundreds digit of n(o)?
9
Let w be (-10*(-4)/(-8) - 134) + -3. Let b = -136 - w. What is the units digit of b?
6
Let s = 462 - 440. What is the tens digit of (-502)/(-32)*s + (-171)/1368?
4
What is the units digit of 10/25*((-138605)/(-10) - 3)?
3
Let t be -30*(165/(-9))/5. Suppose -2*c = -h + 26, 0 = -4*h + 2*c - 0*c + t. Let o = 115 - h. What is the tens digit of o?
8
Let n = 4806 - -1921. What is the tens digit of n?
2
Suppose -12*l + 2812 = -164. Suppose -g - 1 = -l. What is the tens digit of g?
4
Let m(r) be the second derivative of -r**4/12 + 25*r**3/6 - 20*r**2 + 47*r. What is the units digit of m(22)?
6
Let j = 555 + -226. Let w = 525 - j. What is the tens digit of w?
9
Suppose 0 = 5*p - 1734 - 2511. Let u = p + -556. What is the units digit of u?
3
Let a(g) = -23 + 25 + 49*g + 58 + 10*g. What is the units digit of a(8)?
2
Let m(s) = -3*s**2 + 17*s + 3. Let y(a) = a**2 + a. Let f(i) = -m(i) - 2*y(i). Let u be f(17). Let x = u - -91. What is the units digit of x?
4
Suppose -21 + 17 = -x. Suppose x*m = -p + 972, 10*m = 6*m + p + 980. What is the units digit of m?
4
Suppose 29*p = p + 2800. Suppose -p*l - 784 = -102*l. What is the hundreds digit of l?
3
Let m(p) = p**3 + 80*p**2 + 624*p + 12. What is the units digit of m(-69)?
7
Let m(r) = r + 9. Let t be m(-6). Suppose -3*o + 3*g + 1 = 2*g, -1 = 3*o + g. Suppose -5*a + 365 = -t*p, o*a - 81 = -a - p. What is the units digit of a?
6
Suppose -4*l + 16*l - 876 = 0. Let f be (4 + 0)/(-4)*-5. Suppose f*g = n - l, 2*g - 73 = -n - 2*g. What is the units digit of n?
3
Suppose -99*j = 11*j + 136*j - 963090. What is the thousands digit of j?
3
Let a(n) = 26 + 23*n**2 + 114*n + 115*n - n**3 - 230*n. Let s be a(23). Suppose -3*h = -s*d - 342, -342 = -2*h - h - 3*d. What is the units digit of h?
4
Let s(q) = q**2 + 17*q + 30. Let c(v) = -2*v**2 - 34*v - 61. Let w(j) = 6*c(j) + 11*s(j). Let t be w(-15). What is the tens digit of (606/12)/((-3)/t)?
0
Let g(k) = 2*k**3 + 5*k**3 + k + 0*k**3 + 6 + 6*k**2 - 5*k**3. Let x be g(-3). Suppose -4*v - 124 = -4*l, 4*l - x*v = 129 - 2. What is the tens digit of l?
3
Suppose 0 = -547*y + 549*y + 2*b - 2760, b + 2745 = 2*y. What is the thousands digit of y?
1
What is the tens digit of (-4 - 0 - -7)/((3 - -9)/221988)?
9
Let f be 1*42/(-7) + 188. What is the tens digit of (-7*(-13)/f)/(2/148)?
3
Let x = 2625 - 1220. Let d = x + -648. What is the units digit of d?
7
Suppose -116*c + 484321 = -19*c. What is the units digit of c?
3
Let m(t) = -37*t - 61. Suppose 0 = 5*d + 4*j + 17, 6*d - 4*d - j = -12. What is the tens digit of m(d)?
2
Suppose 0 = -17*d + 114477 + 229564 + 203189. What is the units digit of d?
0
Suppose 5*i - 928 = 3512. Suppose 5*g + 12*m - 11*m - i = 0, -706 = -4*g - 3*m. What is the units digit of g?
8
Let s = -3 + -4. Let l(x) = -x**3 + 12*x + 27. What is the tens digit of l(s)?
8
Suppose 354*b - 5*p - 43704 = 350*b, -2*p = 0. What is the units digit of b?
6
Let a = 50 - -15. Let s be -5 + -3*12/(-9). Let h = s + a. What is the tens digit of h?
6
Let i(w) = -14*w - 16. Suppose c - 117 = -4*t, -2*c + 54 = 2*t - 0*c. Let f = t + -38. What is the tens digit of i(f)?
9
What is the tens digit of (-476192)/(-48) + -12 + 1/3?
0
Let g(d) be the second derivative of 79*d**5/20 - 7*d**4/12 + 11*d**3/6 - 2*d**2 - 5*d + 3. What is the units digit of g(2)?
2
Let h be 11*(3*12)/4. Let b be 1554/(-6)*-1*2/2. Let c = b - h. What is the units digit of c?
0
Suppose -6*u + 10*u = 12. Let w = 0 + u. Suppose -9*m = -w*m - 450. What is the units digit of m?
5
Let k(t) = -t - 13. Let o be k(13). Let i = o - -28. Let u(b) = -3*b + 12. What is the units digit of u(i)?
6
Let n = -430 - -451. Suppose -50*w + 8961 = -n*w. What is the tens digit of w?
0
Suppose 0 = -2*h + 4*f + 15000 - 2684, 24662 = 4*h + 2*f. What is the tens digit of h?
6
Suppose 2*t + m = 205, 3*m + 3 = -t + 103. Let p = 246 - t. What is the hundreds digit of p?
1
Suppose 153 = c + 8*c. Suppose 0 = r + 12*q - c*q - 808, -5*r = -2*q - 4017. What is the tens digit of r?
0
Let f(p) = -2*p**2 + 13*p - 14. Let l be f(6). What is the hundreds digit of 29108/57*(-6)/l?
3
Let h be (2/(-4))/(27/(-378)). Suppose -3*a = 9, h*m - 2*a - 2046 = 4*m. What is the tens digit of m?
8
Suppose 0 = 5*u - 12 + 27. Let n be u/27 - (-6)/54. Suppose 3*f + n*f + 3 = -3*w, 9 = 5*w - 2*f. What is the units digit of w?
1
Let h(g) = -63*g**3 - 16*g**2 - 46*g + 46. What is the hundreds digit of h(-8)?
6
Suppose 15*z + 15*z + 120 = 0. What is the units digit of 1169 - -4 - ((-4)/(-4) + z)?
6
Suppose -294*z + 7650071 = -1682959. What is the tens digit of z?
4
Let h = -2082 - -9367. What is the thousands digit of h?
7
Suppose -z = -21*f + 17*f + 105961, 0 = 3*f - 4*z - 79461. Suppose -11267 = -29*y + f. What is the units digit of y?
2
Let c(t) = -23*t**3 + 18*t**2 + 212*t - 8. What is the ten thousands digit of c(-8)?
1
Let z(i) = -i**3 - 38*i**2 - 38*i - 44. Let g be z(-37). What is the hundreds digit of (-4)/(-7) - (g - (-13992)/(-14))?
0
Let s(q) = -45*q**3 + 21*q**2 + 47*q - 13. What is the units digit of s(-4)?
5
Let d(w) = -10*w**3 - 15*w**2 - 31*w - 26. Let y be d(-8). Suppose -7*f + y = -231. What is the tens digit of f?
5
Suppose 0 = -2*z + 1 + 1. Suppose -z - 3 = -2*v. Suppose -5*d = -v*d - 60. What is the units digit of d?
0
Let u(a) = 93*a**3 + 3*a**2 - 3*a + 4. What is the hundreds digit of u(2)?
7
Let k(y) = y**2 - 2*y. Let x(s) = s**2 - 31*s + 17. Let p(w) = -3*k(w) - x(w). What is the units digit of p(7)?
6
What is the tens digit of (-191 - -14592) + -4*(2 + 0)?
9
Let v(y) = 3*y**2 - 25*y + 1. Let m(q) = q**3 - 14*q**2 + 13*q + 9. Let i be m(13). Let b be v(i). Suppose b = h - 7. What is the tens digit of h?
2
Let l(p) = 74*p**3 + 8*p**2 + 4*p - 14. What is the hundreds digit of l(4)?
8
Let b = 559 + -267. Suppose -b - 333 = -5*f. What is the hundreds digit of f?
1
Suppose 6*o + 8*o - 1932 = 0. Let i(j) = -279 + o + 11*j + 175. What is the tens digit of i(14)?
8
Let v = -9632 + 29383. What is the thousands digit of v?
9
Suppose -2*x + 2 = -2. Suppose -10*u = -25*u - 90. What is the tens digit of (-185)/x*(-3)/((-9)/u)?
8
Let u be 2/4*(-8 + -4). Let p = u - -415. What is the tens digit of p?
0
Suppose -4*p = -p + 3*r - 30, 8 = -p + 5*r. Suppose -2*n + 3*x = -p, n - 1 = 2*x + 2. Suppose 60 + 18 = n*j + h, 4*h + 88 = 5*j. What is the tens digit of j?
1
What is the thousands digit of 9434*9*34/102?
8
Let z be 14/(4/70*5). Let d = -38 + z. Let v(a) = a**2 - 12*a + 12. What is the units digit of v(d)?
1
Let x = 48424 + -28227. What is the tens digit of x?
9
Let x(w) = -w**3 + w**2 + 4*w - 10. Let z(c) = c**3 - 3*c + 9. Let q(o) = -6*x(o) - 7*z(o). Let p be q(-